{"id":4786,"date":"2022-06-09T09:33:11","date_gmt":"2022-06-09T15:33:11","guid":{"rendered":"https:\/\/www.francomusik.ca\/?post_type=speaker&#038;p=4786"},"modified":"2022-06-09T09:33:28","modified_gmt":"2022-06-09T15:33:28","slug":"equalizer-kamo","status":"publish","type":"speaker","link":"https:\/\/francomusik.ca\/en\/speaker\/equalizer-kamo\/","title":{"rendered":"EQUALIZER KAMO"},"content":{"rendered":"<p>Equalizer Kamo, originaire de la R\u00e9pubique D\u00e9mocratique du Congo et maintenant situ\u00e9 \u00e0 Edmonton, tient sa passion pour la musique de son p\u00e8re, un musicien traditionnel du groupe folklorique de sa tribu.<\/p>\n\n\n\n<p>Son groupe \u00ab\u00a0Les Rachet\u00e9s\u00a0\u00bb, dont il est directeur musicale, est un conglom\u00e9rat d\u2019artistes originnaires de plusieurs pays africians et a \u00e9t\u00e9 fond\u00e9 en 2007. Durant leur carri\u00e8re, ils ont jou\u00e9 dans plusieurs festivals tels que: AfroFest, Deep Freeze Festival, Africanival, AfricaDay, le festival Afro Latin YEG, et d&rsquo;autres encore. De plus, ils organisent leur propres concerts et performent \u00e0 de nombreuses f\u00eates et d&rsquo;autres manifestations communautaires.<\/p>","protected":false},"excerpt":{"rendered":"<p>Equalizer Kamo, originaire de la R\u00e9pubique D\u00e9mocratique du Congo et maintenant situ\u00e9 \u00e0 Edmonton, tient sa passion pour la musique de son p\u00e8re, un musicien traditionnel du groupe folklorique de sa tribu. Son groupe \u00ab\u00a0Les Rachet\u00e9s\u00a0\u00bb, dont il est directeur&#8230;<\/p>","protected":false},"author":7,"featured_media":4832,"comment_status":"open","ping_status":"closed","template":"","meta":{"_eb_attr":"","footnotes":""},"speaker-category":[184,193,185,186],"speaker-tags":[109],"location":[145],"class_list":["post-4786","speaker","type-speaker","status-publish","has-post-thumbnail","hentry","speaker-category-arrangeur","speaker-category-directeur-musical","speaker-category-interprete","speaker-category-musicien-professionnel","speaker-tags-speaker","location-edmonton"],"cp_meta_data":{"_edit_lock":["1654788808:4"],"_edit_last":["4"],"social-links":[""],"extra-speaker-details-position":["after-current"],"speaker_email":[""],"speaker-header-status":["default"],"speaker-header-style":["default"],"speaker-photos-status":["default"],"speaker-photo-column":["default"],"speaker-photo-column-space":["default"],"rs_page_bg_color":[""],"wptr_hide_title":["0"],"speaker-short-biography":[""],"speaker-profile-photo":[""],"_wp_old_date":["2022-05-31"],"_thumbnail_id":["4832"],"_eb_reusable_block_ids":["a:0:{}"]},"_links":{"self":[{"href":"https:\/\/francomusik.ca\/en\/wp-json\/wp\/v2\/speaker\/4786","targetHints":{"allow":["GET"]}}],"collection":[{"href":"https:\/\/francomusik.ca\/en\/wp-json\/wp\/v2\/speaker"}],"about":[{"href":"https:\/\/francomusik.ca\/en\/wp-json\/wp\/v2\/types\/speaker"}],"author":[{"embeddable":true,"href":"https:\/\/francomusik.ca\/en\/wp-json\/wp\/v2\/users\/7"}],"replies":[{"embeddable":true,"href":"https:\/\/francomusik.ca\/en\/wp-json\/wp\/v2\/comments?post=4786"}],"version-history":[{"count":4,"href":"https:\/\/francomusik.ca\/en\/wp-json\/wp\/v2\/speaker\/4786\/revisions"}],"predecessor-version":[{"id":4834,"href":"https:\/\/francomusik.ca\/en\/wp-json\/wp\/v2\/speaker\/4786\/revisions\/4834"}],"wp:featuredmedia":[{"embeddable":true,"href":"https:\/\/francomusik.ca\/en\/wp-json\/wp\/v2\/media\/4832"}],"wp:attachment":[{"href":"https:\/\/francomusik.ca\/en\/wp-json\/wp\/v2\/media?parent=4786"}],"wp:term":[{"taxonomy":"speaker-category","embeddable":true,"href":"https:\/\/francomusik.ca\/en\/wp-json\/wp\/v2\/speaker-category?post=4786"},{"taxonomy":"speaker-tags","embeddable":true,"href":"https:\/\/francomusik.ca\/en\/wp-json\/wp\/v2\/speaker-tags?post=4786"},{"taxonomy":"location","embeddable":true,"href":"https:\/\/francomusik.ca\/en\/wp-json\/wp\/v2\/location?post=4786"}],"curies":[{"name":"wp","href":"https:\/\/api.w.org\/{rel}","templated":true}]}}

<p>Equalizer Kamo, originaire de la Répubique Démocratique du Congo et maintenant situé à Edmonton, tient sa passion pour la musique de son père, un musicien traditionnel du groupe folklorique de sa tribu.</p>



<p>Son groupe « Les Rachetés », dont il est directeur musicale, est un conglomérat d’artistes originnaires de plusieurs pays africians et a été fondé en 2007. Durant leur carrière, ils ont joué dans plusieurs festivals tels que: AfroFest, Deep Freeze Festival, Africanival, AfricaDay, le festival Afro Latin YEG, et d&rsquo;autres encore. De plus, ils organisent leur propres concerts et performent à de nombreuses fêtes et d&rsquo;autres manifestations communautaires.</p>

<p>Equalizer Kamo, originaire de la Répubique Démocratique du Congo et maintenant situé à Edmonton, tient sa passion pour la musique de son père, un musicien traditionnel du groupe folklorique de sa tribu. Son groupe « Les Rachetés », dont il est directeur&#8230;</p>
