{"id":3949,"date":"2021-07-15T11:47:12","date_gmt":"2021-07-15T17:47:12","guid":{"rendered":"https:\/\/www.francomusik.ca\/?post_type=speaker&#038;p=3949"},"modified":"2021-11-27T21:13:09","modified_gmt":"2021-11-28T04:13:09","slug":"pierre-paul-bugeaud","status":"publish","type":"speaker","link":"https:\/\/francomusik.ca\/en\/speaker\/pierre-paul-bugeaud\/","title":{"rendered":"PIERRE-PAUL BUGEAUD"},"content":{"rendered":"<p>Originally from Bonnyville, Pierre-Paul Bugeaud comes from an artistic family whose interests range from music to visual arts. At the age of 19, he arrived in Alberta's capital city with the avowed goal of becoming a \"rock star\". He became a member of Track Rabbit, which paid tribute to the Stones and the Who. \"Forced to learn the bass guitar due to the overflow of guitarists in the band, he relentlessly applied himself to mastering his instrument.<\/p>","protected":false},"excerpt":{"rendered":"<p>Originaire de Bonnyville, Pierre-Paul Bugeaud vient d\u2019une famille artistique dont les int\u00e9r\u00eats varient de la musique aux arts visuels. \u00c0 19 ans, il arrive dans la capitale albertaine dans le but avou\u00e9 de devenir un \u00ab rock star \u00bb. Il&#8230;<\/p>","protected":false},"author":7,"featured_media":3950,"comment_status":"open","ping_status":"closed","template":"","meta":{"_eb_attr":"","footnotes":""},"speaker-category":[186],"speaker-tags":[109],"location":[],"class_list":["post-3949","speaker","type-speaker","status-publish","has-post-thumbnail","hentry","speaker-category-musicien-professionnel","speaker-tags-speaker"],"cp_meta_data":{"_edit_lock":["1644717891:6"],"_thumbnail_id":["3950"],"_edit_last":["4"],"extra-speaker-details-position":["after-current"],"speaker-header-status":["default"],"speaker-header-style":["default"],"speaker-photos-status":["default"],"speaker-photo-column":["default"],"speaker-photo-column-space":["default"],"rs_page_bg_color":[""],"wptr_hide_title":["0"],"speaker-featured-image":["https:\/\/francomusik.ca\/wp-content\/uploads\/2021\/07\/Pierre-paul.png"],"_eb_reusable_block_ids":["a:0:{}"]},"_links":{"self":[{"href":"https:\/\/francomusik.ca\/en\/wp-json\/wp\/v2\/speaker\/3949","targetHints":{"allow":["GET"]}}],"collection":[{"href":"https:\/\/francomusik.ca\/en\/wp-json\/wp\/v2\/speaker"}],"about":[{"href":"https:\/\/francomusik.ca\/en\/wp-json\/wp\/v2\/types\/speaker"}],"author":[{"embeddable":true,"href":"https:\/\/francomusik.ca\/en\/wp-json\/wp\/v2\/users\/7"}],"replies":[{"embeddable":true,"href":"https:\/\/francomusik.ca\/en\/wp-json\/wp\/v2\/comments?post=3949"}],"version-history":[{"count":1,"href":"https:\/\/francomusik.ca\/en\/wp-json\/wp\/v2\/speaker\/3949\/revisions"}],"predecessor-version":[{"id":3951,"href":"https:\/\/francomusik.ca\/en\/wp-json\/wp\/v2\/speaker\/3949\/revisions\/3951"}],"wp:featuredmedia":[{"embeddable":true,"href":"https:\/\/francomusik.ca\/en\/wp-json\/wp\/v2\/media\/3950"}],"wp:attachment":[{"href":"https:\/\/francomusik.ca\/en\/wp-json\/wp\/v2\/media?parent=3949"}],"wp:term":[{"taxonomy":"speaker-category","embeddable":true,"href":"https:\/\/francomusik.ca\/en\/wp-json\/wp\/v2\/speaker-category?post=3949"},{"taxonomy":"speaker-tags","embeddable":true,"href":"https:\/\/francomusik.ca\/en\/wp-json\/wp\/v2\/speaker-tags?post=3949"},{"taxonomy":"location","embeddable":true,"href":"https:\/\/francomusik.ca\/en\/wp-json\/wp\/v2\/location?post=3949"}],"curies":[{"name":"wp","href":"https:\/\/api.w.org\/{rel}","templated":true}]}}

<p>Originaire de Bonnyville, Pierre-Paul Bugeaud vient d’une famille artistique dont les intérêts varient de la musique aux arts visuels. À 19 ans, il arrive dans la capitale albertaine dans le but avoué de devenir un « rock star ». Il&#8230;</p>
