{"id":3838,"date":"2021-07-12T16:39:29","date_gmt":"2021-07-12T22:39:29","guid":{"rendered":"https:\/\/www.francomusik.ca\/?post_type=speaker&#038;p=3838"},"modified":"2021-11-27T20:30:51","modified_gmt":"2021-11-28T03:30:51","slug":"depayses","status":"publish","type":"speaker","link":"https:\/\/francomusik.ca\/en\/speaker\/depayses\/","title":{"rendered":"D\u00c9PAYS\u00c9S"},"content":{"rendered":"<p>En 2015, le&nbsp;groupe&nbsp;musical&nbsp;d\u00e9pays\u00e9s&nbsp;a&nbsp;\u00e9t\u00e9&nbsp;form\u00e9&nbsp;afin&nbsp;de&nbsp;participer&nbsp;\u00e0 la f\u00eate du Canada \u00e0 Canmore. Suite \u00e0 son succ\u00e8s, le&nbsp;groupe&nbsp;a&nbsp;continu\u00e9&nbsp;\u00e0 performer dans la&nbsp;vall\u00e9e&nbsp;de la Bow,&nbsp;partageant&nbsp;la culture et la musique francophone.&nbsp;C\u00e9l\u00e9brant&nbsp;les plus grands succ\u00e8s francophones&nbsp;d&rsquo;hier&nbsp;\u00e0&nbsp;aujourd&rsquo;hui,&nbsp;d\u00e9pays\u00e9s&nbsp;interpr\u00e8te&nbsp;la musique de tout genre&nbsp;tel&nbsp;que Folk, Country, Rock et Punk. Notre mission&nbsp;est&nbsp;de&nbsp;promouvoir&nbsp;notre&nbsp;musique avec les francophones et&nbsp;francophiles&nbsp;de l\u2019Alberta. Le groupe a fait plusieurs performances dont&nbsp;Canmore Canada day, Calgary&nbsp;GlobalFest&nbsp;et&nbsp;Canmore Folk Festival&nbsp;en plus de plusieurs autres \u00e9v\u00e8nements publics&nbsp;et&nbsp;priv\u00e9s.&nbsp;<\/p>\n\n\n\n<p>The band features the musical talent of five members including Eric Brousseau on vocal, Patricia Marois on vocal and accordion, Fabian Gregory on guitar, Shawn Edge on drums and J-P Heroux on bass guitar.&nbsp;<\/p>","protected":false},"excerpt":{"rendered":"<p>En 2015, le&nbsp;groupe&nbsp;musical&nbsp;d\u00e9pays\u00e9s&nbsp;a&nbsp;\u00e9t\u00e9&nbsp;form\u00e9&nbsp;afin&nbsp;de&nbsp;participer&nbsp;\u00e0 la f\u00eate du Canada \u00e0 Canmore. Suite \u00e0 son succ\u00e8s, le&nbsp;groupe&nbsp;a&nbsp;continu\u00e9&nbsp;\u00e0 performer dans la&nbsp;vall\u00e9e&nbsp;de la Bow,&nbsp;partageant&nbsp;la culture et la musique francophone.&nbsp;C\u00e9l\u00e9brant&nbsp;les plus grands succ\u00e8s francophones&nbsp;d&rsquo;hier&nbsp;\u00e0&nbsp;aujourd&rsquo;hui,&nbsp;d\u00e9pays\u00e9s&nbsp;interpr\u00e8te&nbsp;la musique de tout genre&nbsp;tel&nbsp;que Folk, Country, Rock et Punk. Notre mission&nbsp;est&nbsp;de&nbsp;promouvoir&nbsp;notre&nbsp;musique avec&#8230;<\/p>","protected":false},"author":7,"featured_media":3839,"comment_status":"open","ping_status":"closed","template":"","meta":{"_eb_attr":"","footnotes":""},"speaker-category":[194],"speaker-tags":[109],"location":[],"class_list":["post-3838","speaker","type-speaker","status-publish","has-post-thumbnail","hentry","speaker-category-groupe-orchestre","speaker-tags-speaker"],"cp_meta_data":{"_edit_lock":["1638070277:4"],"_thumbnail_id":["3839"],"_edit_last":["4"],"social-links":["a:2:{i:0;a:4:{s:5:\"title\";s:8:\"Facebook\";s:4:\"icon\";s:8:\"facebook\";s:3:\"url\";s:34:\"https:\/\/www.facebook.com\/depayses\/\";s:6:\"target\";s:6:\"_blank\";}i:1;a:4:{s:5:\"title\";s:7:\"Youtube\";s:4:\"icon\";s:7:\"youtube\";s:3:\"url\";s:39:\"https:\/\/www.youtube.com\/user\/fabian9820\";s:6:\"target\";s:6:\"_blank\";}}"],"extra-speaker-details-position":["after-current"],"speaker_website":["https:\/\/depaysescanmore.wixsite.com\/mysite?fbclid=IwAR3lzOUj25Be0yvjjrbtakXdVTe-O_K42qPHaPLZiZMSNX1CYgvZeZ5Opxg"],"speaker-header-status":["default"],"speaker-header-style":["default"],"speaker-featured-image":["https:\/\/francomusik.ca\/wp-content\/uploads\/2021\/07\/De\u0301pay-e1638070211633.png"],"speaker-photos-status":["default"],"speaker-photo-column":["default"],"speaker-photo-column-space":["default"],"rs_page_bg_color":[""],"wptr_hide_title":["0"],"speaker-profile-photo":["https:\/\/francomusik.ca\/wp-content\/uploads\/2021\/07\/depayses-1.jpeg"],"_eb_reusable_block_ids":["a:0:{}"]},"_links":{"self":[{"href":"https:\/\/francomusik.ca\/en\/wp-json\/wp\/v2\/speaker\/3838","targetHints":{"allow":["GET"]}}],"collection":[{"href":"https:\/\/francomusik.ca\/en\/wp-json\/wp\/v2\/speaker"}],"about":[{"href":"https:\/\/francomusik.ca\/en\/wp-json\/wp\/v2\/types\/speaker"}],"author":[{"embeddable":true,"href":"https:\/\/francomusik.ca\/en\/wp-json\/wp\/v2\/users\/7"}],"replies":[{"embeddable":true,"href":"https:\/\/francomusik.ca\/en\/wp-json\/wp\/v2\/comments?post=3838"}],"version-history":[{"count":3,"href":"https:\/\/francomusik.ca\/en\/wp-json\/wp\/v2\/speaker\/3838\/revisions"}],"predecessor-version":[{"id":4197,"href":"https:\/\/francomusik.ca\/en\/wp-json\/wp\/v2\/speaker\/3838\/revisions\/4197"}],"wp:featuredmedia":[{"embeddable":true,"href":"https:\/\/francomusik.ca\/en\/wp-json\/wp\/v2\/media\/3839"}],"wp:attachment":[{"href":"https:\/\/francomusik.ca\/en\/wp-json\/wp\/v2\/media?parent=3838"}],"wp:term":[{"taxonomy":"speaker-category","embeddable":true,"href":"https:\/\/francomusik.ca\/en\/wp-json\/wp\/v2\/speaker-category?post=3838"},{"taxonomy":"speaker-tags","embeddable":true,"href":"https:\/\/francomusik.ca\/en\/wp-json\/wp\/v2\/speaker-tags?post=3838"},{"taxonomy":"location","embeddable":true,"href":"https:\/\/francomusik.ca\/en\/wp-json\/wp\/v2\/location?post=3838"}],"curies":[{"name":"wp","href":"https:\/\/api.w.org\/{rel}","templated":true}]}}

DÉPAYSÉS

<p>En 2015, le&nbsp;groupe&nbsp;musical&nbsp;dépaysés&nbsp;a&nbsp;été&nbsp;formé&nbsp;afin&nbsp;de&nbsp;participer&nbsp;à la fête du Canada à Canmore. Suite à son succès, le&nbsp;groupe&nbsp;a&nbsp;continué&nbsp;à performer dans la&nbsp;vallée&nbsp;de la Bow,&nbsp;partageant&nbsp;la culture et la musique francophone.&nbsp;Célébrant&nbsp;les plus grands succès francophones&nbsp;d&rsquo;hier&nbsp;à&nbsp;aujourd&rsquo;hui,&nbsp;dépaysés&nbsp;interprète&nbsp;la musique de tout genre&nbsp;tel&nbsp;que Folk, Country, Rock et Punk. Notre mission&nbsp;est&nbsp;de&nbsp;promouvoir&nbsp;notre&nbsp;musique avec les francophones et&nbsp;francophiles&nbsp;de l’Alberta. Le groupe a fait plusieurs performances dont&nbsp;Canmore Canada day, Calgary&nbsp;GlobalFest&nbsp;et&nbsp;Canmore Folk Festival&nbsp;en plus de plusieurs autres évènements publics&nbsp;et&nbsp;privés.&nbsp;</p>



<p>The band features the musical talent of five members including Eric Brousseau on vocal, Patricia Marois on vocal and accordion, Fabian Gregory on guitar, Shawn Edge on drums and J-P Heroux on bass guitar.&nbsp;</p>

<p>En 2015, le&nbsp;groupe&nbsp;musical&nbsp;dépaysés&nbsp;a&nbsp;été&nbsp;formé&nbsp;afin&nbsp;de&nbsp;participer&nbsp;à la fête du Canada à Canmore. Suite à son succès, le&nbsp;groupe&nbsp;a&nbsp;continué&nbsp;à performer dans la&nbsp;vallée&nbsp;de la Bow,&nbsp;partageant&nbsp;la culture et la musique francophone.&nbsp;Célébrant&nbsp;les plus grands succès francophones&nbsp;d&rsquo;hier&nbsp;à&nbsp;aujourd&rsquo;hui,&nbsp;dépaysés&nbsp;interprète&nbsp;la musique de tout genre&nbsp;tel&nbsp;que Folk, Country, Rock et Punk. Notre mission&nbsp;est&nbsp;de&nbsp;promouvoir&nbsp;notre&nbsp;musique avec&#8230;</p>
