{"id":3314,"date":"2021-06-18T17:41:39","date_gmt":"2021-06-18T23:41:39","guid":{"rendered":"https:\/\/francomusik.ca\/?post_type=speaker&#038;p=3314"},"modified":"2022-07-19T18:22:32","modified_gmt":"2022-07-20T00:22:32","slug":"rennelle-ray","status":"publish","type":"speaker","link":"https:\/\/francomusik.ca\/en\/speaker\/rennelle-ray\/","title":{"rendered":"RENELLE RAY"},"content":{"rendered":"<p>Energetic and passionate, Renelle Ray finds in the interpretation of her songs an outlet, a need to make her feelings, experiences and dreams tangible. Through her popular acoustic folk style, she transports her audience into her universe, offering them an experience that will make them smile, cry and dance.<\/p>\n\n\n\n<p>Une artiste \u00e0&nbsp;l\u2019univers&nbsp;tout&nbsp;en&nbsp;douceur,&nbsp;cette&nbsp;Franco-Albertaine&nbsp;auteure-compositrice-interpr\u00e8te&nbsp;trouve&nbsp;dans&nbsp;l\u2019interpr\u00e9tation&nbsp;de chanson, un&nbsp;exutoire,&nbsp;une&nbsp;n\u00e9cessit\u00e9&nbsp;de&nbsp;rendre&nbsp;palpables&nbsp;ses&nbsp;exp\u00e9riences. Avec&nbsp;sa&nbsp;voix&nbsp;envo\u00fbtante, et&nbsp;ses&nbsp;m\u00e9lodies&nbsp;teint\u00e9es&nbsp;de folk-pop que&nbsp;l\u2019on&nbsp;retient&nbsp;instantan\u00e9ment, Renelle nous&nbsp;transporte&nbsp;dans son&nbsp;univers&nbsp;en&nbsp;nous&nbsp;offrant&nbsp;une&nbsp;exp\u00e9rience&nbsp;honn\u00eate&nbsp;remplie&nbsp;d\u2019\u00e9motion.&nbsp;&nbsp;<\/p>","protected":false},"excerpt":{"rendered":"<p>\u00c9nergique et passionn\u00e9e, Renelle Ray trouve dans l\u2019interpr\u00e9tation de ses chansons un exutoire, une n\u00e9cessit\u00e9 de rendre palpables ses sentiments, ses exp\u00e9riences et ses r\u00eaves. Au moyen de son style folk acoustique populaire, elle transporte son public dans son univers&#8230;<\/p>","protected":false},"author":7,"featured_media":3712,"comment_status":"closed","ping_status":"closed","template":"","meta":{"_eb_attr":"","footnotes":""},"speaker-category":[182,183],"speaker-tags":[109],"location":[],"class_list":["post-3314","speaker","type-speaker","status-publish","has-post-thumbnail","hentry","speaker-category-auteur","speaker-category-compositeur","speaker-tags-speaker"],"cp_meta_data":{"_edit_lock":["1658276563:5"],"_edit_last":["5"],"extra-speaker-details-position":["after-current"],"speaker-header-status":["default"],"speaker-header-style":["default"],"speaker-photos-status":["default"],"speaker-photo-column":["default"],"speaker-photo-column-space":["default"],"wptr_hide_title":["0"],"speaker_website":["https:\/\/www.renelleray.com\/"],"speaker-featured-image":["https:\/\/francomusik.ca\/wp-content\/uploads\/2021\/06\/Renelle_Ray-e1638066980120.png"],"speaker-profile-photo":[""],"social-links":["a:6:{i:0;a:4:{s:5:\"title\";s:8:\"Facebook\";s:4:\"icon\";s:8:\"facebook\";s:3:\"url\";s:32:\"www.facebook.com\/renelleraymusic\";s:6:\"target\";s:6:\"_blank\";}i:1;a:4:{s:5:\"title\";s:7:\"Spotify\";s:4:\"icon\";s:7:\"spotify\";s:3:\"url\";s:89:\"https:\/\/open.spotify.com\/album\/1v0PMz1t71kwBKg102GOjv?si=OARzyg_AQLKJAyIF_xa_bA&amp;nd=1 \";s:6:\"target\";s:6:\"_blank\";}i:2;a:4:{s:5:\"title\";s:6:\"iTunes\";s:4:\"icon\";s:6:\"itunes\";s:3:\"url\";s:16:\"music.apple.com\/\";s:6:\"target\";s:6:\"_blank\";}i:3;a:4:{s:5:\"title\";s:9:\"Instagram\";s:4:\"icon\";s:9:\"instagram\";s:3:\"url\";s:37:\"https:\/\/www.instagram.com\/renelleray\/\";s:6:\"target\";s:6:\"_blank\";}i:4;a:4:{s:5:\"title\";s:7:\"Youtube\";s:4:\"icon\";s:7:\"youtube\";s:3:\"url\";s:56:\"https:\/\/www.youtube.com\/channel\/UCF80_d82fGXX4riZ__L0wvw\";s:6:\"target\";s:6:\"_blank\";}i:5;a:4:{s:5:\"title\";s:11:\"Apple Music\";s:4:\"icon\";s:5:\"apple\";s:3:\"url\";s:60:\"https:\/\/music.apple.com\/ca\/album\/renelle-ray-ep\/1478128516  \";s:6:\"target\";s:6:\"_blank\";}}"],"_thumbnail_id":["3712"],"speaker-short-biography":["Une artiste \u00e0 l\u2019univers tout en douceur, cette Franco-Albertaine auteure-compositrice-interpr\u00e8te trouve dans l\u2019interpr\u00e9tation de chanson, un exutoire, une n\u00e9cessit\u00e9 de rendre palpables ses exp\u00e9riences. Avec sa voix envo\u00fbtante, et ses m\u00e9lodies teint\u00e9es de folk-pop que l\u2019on retient instantan\u00e9ment, Renelle nous transporte dans son univers en nous offrant une exp\u00e9rience honn\u00eate remplie d\u2019\u00e9motion.    An artist conveying soft and heartfelt music, this Franco-Albertan singer-songwriter finds an outlet in performing and a necessity to share her experiences. With her folk pop style and melodies that we remember instantly, Renelle transports us into her universe by offering an honest experience filled with emotion. "],"speaker-sidebar-boxes":["a:1:{i:0;a:2:{s:5:\"title\";s:0:\"\";s:4:\"text\";s:192:\"<iframe style=\"border-radius:12px\" src=\"https:\/\/open.spotify.com\/embed\/album\/1v0PMz1t71kwBKg102GOjv?utm_source=generator\" width=\"100%\" height=\"380\" frameBorder=\"0\" allowfullscreen=\"\"><\/iframe>\";}}"],"_eb_reusable_block_ids":["a:0:{}"]},"_links":{"self":[{"href":"https:\/\/francomusik.ca\/en\/wp-json\/wp\/v2\/speaker\/3314","targetHints":{"allow":["GET"]}}],"collection":[{"href":"https:\/\/francomusik.ca\/en\/wp-json\/wp\/v2\/speaker"}],"about":[{"href":"https:\/\/francomusik.ca\/en\/wp-json\/wp\/v2\/types\/speaker"}],"author":[{"embeddable":true,"href":"https:\/\/francomusik.ca\/en\/wp-json\/wp\/v2\/users\/7"}],"replies":[{"embeddable":true,"href":"https:\/\/francomusik.ca\/en\/wp-json\/wp\/v2\/comments?post=3314"}],"version-history":[{"count":5,"href":"https:\/\/francomusik.ca\/en\/wp-json\/wp\/v2\/speaker\/3314\/revisions"}],"predecessor-version":[{"id":4510,"href":"https:\/\/francomusik.ca\/en\/wp-json\/wp\/v2\/speaker\/3314\/revisions\/4510"}],"wp:featuredmedia":[{"embeddable":true,"href":"https:\/\/francomusik.ca\/en\/wp-json\/wp\/v2\/media\/3712"}],"wp:attachment":[{"href":"https:\/\/francomusik.ca\/en\/wp-json\/wp\/v2\/media?parent=3314"}],"wp:term":[{"taxonomy":"speaker-category","embeddable":true,"href":"https:\/\/francomusik.ca\/en\/wp-json\/wp\/v2\/speaker-category?post=3314"},{"taxonomy":"speaker-tags","embeddable":true,"href":"https:\/\/francomusik.ca\/en\/wp-json\/wp\/v2\/speaker-tags?post=3314"},{"taxonomy":"location","embeddable":true,"href":"https:\/\/francomusik.ca\/en\/wp-json\/wp\/v2\/location?post=3314"}],"curies":[{"name":"wp","href":"https:\/\/api.w.org\/{rel}","templated":true}]}}

<p>Energetic and passionate, Renelle Ray finds in the interpretation of her songs an outlet, a need to make her feelings, experiences and dreams tangible. Through her popular acoustic folk style, she transports her audience into her universe, offering them an experience that will make them smile, cry and dance.</p>



<p>Une artiste à&nbsp;l’univers&nbsp;tout&nbsp;en&nbsp;douceur,&nbsp;cette&nbsp;Franco-Albertaine&nbsp;auteure-compositrice-interprète&nbsp;trouve&nbsp;dans&nbsp;l’interprétation&nbsp;de chanson, un&nbsp;exutoire,&nbsp;une&nbsp;nécessité&nbsp;de&nbsp;rendre&nbsp;palpables&nbsp;ses&nbsp;expériences. Avec&nbsp;sa&nbsp;voix&nbsp;envoûtante, et&nbsp;ses&nbsp;mélodies&nbsp;teintées&nbsp;de folk-pop que&nbsp;l’on&nbsp;retient&nbsp;instantanément, Renelle nous&nbsp;transporte&nbsp;dans son&nbsp;univers&nbsp;en&nbsp;nous&nbsp;offrant&nbsp;une&nbsp;expérience&nbsp;honnête&nbsp;remplie&nbsp;d’émotion.&nbsp;&nbsp;</p>

<p>Énergique et passionnée, Renelle Ray trouve dans l’interprétation de ses chansons un exutoire, une nécessité de rendre palpables ses sentiments, ses expériences et ses rêves. Au moyen de son style folk acoustique populaire, elle transporte son public dans son univers&#8230;</p>

Une artiste à l’univers tout en douceur, cette Franco-Albertaine auteure-compositrice-interprète trouve dans l’interprétation de chanson, un exutoire, une nécessité de rendre palpables ses expériences. Avec sa voix envoûtante, et ses mélodies teintées de folk-pop que l’on retient instantanément, Renelle nous transporte dans son univers en nous offrant une expérience honnête remplie d’émotion.    An artist conveying soft and heartfelt music, this Franco-Albertan singer-songwriter finds an outlet in performing and a necessity to share her experiences. With her folk pop style and melodies that we remember instantly, Renelle transports us into her universe by offering an honest experience filled with emotion.
