{"id":3305,"date":"2021-06-18T17:29:53","date_gmt":"2021-06-18T23:29:53","guid":{"rendered":"https:\/\/francomusik.ca\/?post_type=speaker&#038;p=3305"},"modified":"2022-07-19T18:22:12","modified_gmt":"2022-07-20T00:22:12","slug":"ouimet-marie-josee","status":"publish","type":"speaker","link":"https:\/\/francomusik.ca\/en\/speaker\/ouimet-marie-josee\/","title":{"rendered":"MARIE-JOS\u00c9E OUIMET"},"content":{"rendered":"<p>Marie-Jos\u00e9e Ouimet is a Franco-Albertan singer-songwriter with a passion for choral singing. She holds a Bachelor's degree in music from the University of Alberta and a Master's degree in choral conducting from the same institution.  In the fall of 2019, she will begin her doctoral studies under the tutelage of professors Laurier Fagnan and Tim Shantz.<\/p>\n\n\n\n<p>She currently directs Les Chantamis choir as well as M\u00e9lodie d'Amour, a choir for seniors, and Cl\u00e9, a vocal ensemble of students from three French schools in Edmonton. She was the interim director of the Chorale Saint-Jean for their 2016-2017 artistic season. She has also had the opportunity to give numerous workshops to other choirs, including the Yukon Summer Music Camp (2014), the Elk Island Regional Honours Choirs (2015), and the Swift Current Comprehensive High School choirs (2016).<\/p>\n\n\n\n<p>Marie-Jos\u00e9e has worked as a project coordinator for the Centre de d\u00e9veloppement musical for 15 years.  For years, she has also worked as a vocal coach for many musical activities in the Franco-Albertan community such, as the Galalas, Polyfonik, formerly the Gala albertain de la chanson, and the ChantOuest.  Marie-Jos\u00e9e has been part of the musical team of the St. John's Chorale since 2015, and during the 2016-2017 season, she was delighted to have the new challenge of working with the Chorale as Interim Director.<\/p>\n\n\n\n<p>As a solo singer, Marie-Jos\u00e9e has had the opportunity to travel across Canada and has performed in British Columbia, Alberta, Manitoba, Quebec and the Yukon. In 2010, she received the CHFA Alberta Song Award for her contribution to the development of Franco-Albertan music.<\/p>\n\n\n\n<p>Marie-Jos\u00e9e was the principal soloist for Elle s'appelaient Marie, and grande suite pour ch\u0153ur, presented by the Saint-Jean Chorale in the spring of 2007 and during their tour of Quebec for the 400th anniversary in 2008. She reprised the role of Marie for the International Choralies in Edmonton in 2012 and in Vancouver and Gasp\u00e9 in 2013.<\/p>\n\n\n\n<p>In 2008, Marie-Jos\u00e9e was the only soloist invited to the choral event Et si Qu\u00e9bec m'\u00e9tait chant\u00e9e. This show gathered more than 1400 choir members from all over the world. It took place in front of a crowd of 9000 spectators at the Colis\u00e9e Pepsi. More recently, she shared the stage at the Windspear with Tommy Banks and his orchestra for a show in honour of the departure of Indira Samarasekera, outgoing president of the University of Alberta (2015).<\/p>\n\n\n\n<p>Marie-Jos\u00e9e Ouimet has released three albums, L'heure bleue (June 2010), Parce que... (November 2003), and Mon clair de lune (November 2000). Mon clair de lune and L'heure bleue were nominated at the Western Canadian Music Awards in the category \"Best Francophone Album of the Year\". She also participated in the compilation albums Trait d'Union (2003), Robert Soul (2008) and Hiver Nation (2020).<\/p>","protected":false},"excerpt":{"rendered":"<p>Franco-Albertaine de naissance, Marie-Jos\u00e9e Ouimet est une auteure-compositrice-interpr\u00e8te avec une passion pour le chant choral. Elle d\u00e9tient un Baccalar\u00e9at en musique de l\u2019Universit\u00e9 de l\u2019Alberta et une ma\u00eetrise en direction chorale de la m\u00eame institution.&nbsp; A l\u2019automne 2019, ella entam\u00e9&#8230;<\/p>","protected":false},"author":7,"featured_media":3819,"comment_status":"open","ping_status":"closed","template":"","meta":{"_eb_attr":"","footnotes":""},"speaker-category":[182,183,193,185,187],"speaker-tags":[109],"location":[],"class_list":["post-3305","speaker","type-speaker","status-publish","has-post-thumbnail","hentry","speaker-category-auteur","speaker-category-compositeur","speaker-category-directeur-musical","speaker-category-interprete","speaker-category-professeur-coach","speaker-tags-speaker"],"cp_meta_data":{"_edit_lock":["1658276576:5"],"_edit_last":["5"],"extra-speaker-details-position":["after-current"],"speaker-header-status":["default"],"speaker-header-style":["default"],"speaker-photos-status":["default"],"speaker-photo-column":["default"],"speaker-photo-column-space":["default"],"wptr_hide_title":["0"],"speaker_website":["www.mariejoseeouimet.com"],"speaker-featured-image":["https:\/\/francomusik.ca\/wp-content\/uploads\/2021\/06\/110_2014-02-14-12-33-43_profilImg1.jpg"],"speaker-profile-photo":["https:\/\/francomusik.ca\/wp-content\/uploads\/2021\/06\/110_2014-02-14-12-33-43_profilImg1.jpg"],"social-links":["a:3:{i:0;a:4:{s:5:\"title\";s:8:\"Facebook\";s:4:\"icon\";s:8:\"facebook\";s:3:\"url\";s:44:\"https:\/\/www.facebook.com\/mariejosee.ouimet.9\";s:6:\"target\";s:6:\"_blank\";}i:1;a:4:{s:5:\"title\";s:7:\"Youtube\";s:4:\"icon\";s:7:\"youtube\";s:3:\"url\";s:56:\"https:\/\/www.youtube.com\/channel\/UCA2eORIdb5u-RBdDYZuGUBw\";s:6:\"target\";s:6:\"_blank\";}i:2;a:4:{s:5:\"title\";s:7:\"Spotify\";s:4:\"icon\";s:7:\"spotify\";s:3:\"url\";s:54:\"https:\/\/open.spotify.com\/artist\/4eYQPIzQQFqF5jdDDfmsaO\";s:6:\"target\";s:6:\"_blank\";}}"],"_thumbnail_id":["3819"],"speaker-sidebar-boxes":["a:1:{i:0;a:2:{s:5:\"title\";s:0:\"\";s:4:\"text\";s:193:\"<iframe style=\"border-radius:12px\" src=\"https:\/\/open.spotify.com\/embed\/artist\/4eYQPIzQQFqF5jdDDfmsaO?utm_source=generator\" width=\"100%\" height=\"380\" frameBorder=\"0\" allowfullscreen=\"\"><\/iframe>\";}}"],"_eb_reusable_block_ids":["a:0:{}"]},"_links":{"self":[{"href":"https:\/\/francomusik.ca\/en\/wp-json\/wp\/v2\/speaker\/3305","targetHints":{"allow":["GET"]}}],"collection":[{"href":"https:\/\/francomusik.ca\/en\/wp-json\/wp\/v2\/speaker"}],"about":[{"href":"https:\/\/francomusik.ca\/en\/wp-json\/wp\/v2\/types\/speaker"}],"author":[{"embeddable":true,"href":"https:\/\/francomusik.ca\/en\/wp-json\/wp\/v2\/users\/7"}],"replies":[{"embeddable":true,"href":"https:\/\/francomusik.ca\/en\/wp-json\/wp\/v2\/comments?post=3305"}],"version-history":[{"count":3,"href":"https:\/\/francomusik.ca\/en\/wp-json\/wp\/v2\/speaker\/3305\/revisions"}],"predecessor-version":[{"id":4096,"href":"https:\/\/francomusik.ca\/en\/wp-json\/wp\/v2\/speaker\/3305\/revisions\/4096"}],"wp:featuredmedia":[{"embeddable":true,"href":"https:\/\/francomusik.ca\/en\/wp-json\/wp\/v2\/media\/3819"}],"wp:attachment":[{"href":"https:\/\/francomusik.ca\/en\/wp-json\/wp\/v2\/media?parent=3305"}],"wp:term":[{"taxonomy":"speaker-category","embeddable":true,"href":"https:\/\/francomusik.ca\/en\/wp-json\/wp\/v2\/speaker-category?post=3305"},{"taxonomy":"speaker-tags","embeddable":true,"href":"https:\/\/francomusik.ca\/en\/wp-json\/wp\/v2\/speaker-tags?post=3305"},{"taxonomy":"location","embeddable":true,"href":"https:\/\/francomusik.ca\/en\/wp-json\/wp\/v2\/location?post=3305"}],"curies":[{"name":"wp","href":"https:\/\/api.w.org\/{rel}","templated":true}]}}

MARIE-JOSÉE OUIMET

<p>Marie-Josée Ouimet is a Franco-Albertan singer-songwriter with a passion for choral singing. She holds a Bachelor's degree in music from the University of Alberta and a Master's degree in choral conducting from the same institution.  In the fall of 2019, she will begin her doctoral studies under the tutelage of professors Laurier Fagnan and Tim Shantz.</p>



<p>She currently directs Les Chantamis choir as well as Mélodie d'Amour, a choir for seniors, and Clé, a vocal ensemble of students from three French schools in Edmonton. She was the interim director of the Chorale Saint-Jean for their 2016-2017 artistic season. She has also had the opportunity to give numerous workshops to other choirs, including the Yukon Summer Music Camp (2014), the Elk Island Regional Honours Choirs (2015), and the Swift Current Comprehensive High School choirs (2016).</p>



<p>Marie-Josée has worked as a project coordinator for the Centre de développement musical for 15 years.  For years, she has also worked as a vocal coach for many musical activities in the Franco-Albertan community such, as the Galalas, Polyfonik, formerly the Gala albertain de la chanson, and the ChantOuest.  Marie-Josée has been part of the musical team of the St. John's Chorale since 2015, and during the 2016-2017 season, she was delighted to have the new challenge of working with the Chorale as Interim Director.</p>



<p>As a solo singer, Marie-Josée has had the opportunity to travel across Canada and has performed in British Columbia, Alberta, Manitoba, Quebec and the Yukon. In 2010, she received the CHFA Alberta Song Award for her contribution to the development of Franco-Albertan music.</p>



<p>Marie-Josée was the principal soloist for Elle s'appelaient Marie, and grande suite pour chœur, presented by the Saint-Jean Chorale in the spring of 2007 and during their tour of Quebec for the 400th anniversary in 2008. She reprised the role of Marie for the International Choralies in Edmonton in 2012 and in Vancouver and Gaspé in 2013.</p>



<p>In 2008, Marie-Josée was the only soloist invited to the choral event Et si Québec m'était chantée. This show gathered more than 1400 choir members from all over the world. It took place in front of a crowd of 9000 spectators at the Colisée Pepsi. More recently, she shared the stage at the Windspear with Tommy Banks and his orchestra for a show in honour of the departure of Indira Samarasekera, outgoing president of the University of Alberta (2015).</p>



<p>Marie-Josée Ouimet has released three albums, L'heure bleue (June 2010), Parce que... (November 2003), and Mon clair de lune (November 2000). Mon clair de lune and L'heure bleue were nominated at the Western Canadian Music Awards in the category "Best Francophone Album of the Year". She also participated in the compilation albums Trait d'Union (2003), Robert Soul (2008) and Hiver Nation (2020).</p>

<p>Franco-Albertaine de naissance, Marie-Josée Ouimet est une auteure-compositrice-interprète avec une passion pour le chant choral. Elle détient un Baccalaréat en musique de l’Université de l’Alberta et une maîtrise en direction chorale de la même institution.&nbsp; A l’automne 2019, ella entamé&#8230;</p>
