{"id":3303,"date":"2021-06-18T17:28:34","date_gmt":"2021-06-18T23:28:34","guid":{"rendered":"https:\/\/francomusik.ca\/?post_type=speaker&#038;p=3303"},"modified":"2021-11-27T14:54:10","modified_gmt":"2021-11-27T21:54:10","slug":"mireille-rijavec","status":"publish","type":"speaker","link":"https:\/\/francomusik.ca\/en\/speaker\/mireille-rijavec\/","title":{"rendered":"MIREILLE RIJAVEC"},"content":{"rendered":"<p>Mireille travaille avec des \u00e9tudiants en chant de tous niveaux, des enfants aux adultes. Sa p\u00e9dagogie est bas\u00e9e sur la tradition classique. Elle insiste sur l&rsquo;importance de savoir lire la musique, d&rsquo;avoir une technique vocale saine et, en fin de compte, sur la joie de communiquer par le chant. Les \u00e9l\u00e8ves de Mireille sont des chanteurs actifs dans la communaut\u00e9 et beaucoup d&rsquo;entre eux ont poursuivi leurs \u00e9tudes de chant classique et de th\u00e9\u00e2tre musical dans des \u00e9tablissements postsecondaires \u00e0 travers le Canada. En plus d&rsquo;\u00eatre une juge tr\u00e8s occup\u00e9e, elle est membre de l&rsquo;ARMTA (Alberta Registered Music Teachers Association), de la NATS (National Association of Teacher of Singing) et est un membre affili\u00e9 de l&rsquo;Association for Body Mapping Educators.<\/p>\n\n\n\n<p>Mireille Rijavec a \u00e9t\u00e9 entendue \u00e0 la CBC comme soliste mezzo-soprano et s&rsquo;est produite avec l&rsquo;Alberta Baroque Ensemble, les Richard Eaton Singers, Pro Coro Canada, l&rsquo;Edmonton Metropolitan Orchestra, le ch\u0153ur et l&rsquo;orchestre de l&rsquo;Universit\u00e9 Concordia, Opera Breve Vancouver, Western Concert Opera, Opera Lyra Ottawa et dans des productions soutenues par Edmonton Opera. Mireille pr\u00e9sente \u00e9galement son cabaret Brie, Baguette and a Broad depuis plus de 10 ans. Elle s&rsquo;est produite au Fringe d&rsquo;Edmonton dans sept spectacles diff\u00e9rents, dont l&rsquo;un dans le r\u00f4le de l&rsquo;inimitable Julia Child dans Bon App\u00e9tit ! de Lee Hoiby, une version op\u00e9ratique d&rsquo;une des \u00e9missions culinaires de Julia, qui lui a valu les \u00e9loges de la critique. Lors du Fringe d&rsquo;Edmonton 2013, le Edmonton Journal a d\u00e9clar\u00e9 \u00e0 propos de sa performance dans Lost in Montmartre, un cabaret\/veill\u00e9e en l&rsquo;honneur du compositeur Erik Satie, \u00a0\u00bb \u2026la chanteuse classique Mireille Rijavec est le sublime point culminant vocal qui vous aide \u00e0 vous perdre dans le Paris de Satie. \u00ab\u00a0<\/p>","protected":false},"excerpt":{"rendered":"<p>Mireille travaille avec des \u00e9tudiants en chant de tous niveaux, des enfants aux adultes. Sa p\u00e9dagogie est bas\u00e9e sur la tradition classique. Elle insiste sur l&rsquo;importance de savoir lire la musique, d&rsquo;avoir une technique vocale saine et, en fin de&#8230;<\/p>","protected":false},"author":7,"featured_media":3788,"comment_status":"open","ping_status":"closed","template":"","meta":{"_eb_attr":"","footnotes":""},"speaker-category":[185,187],"speaker-tags":[109],"location":[],"class_list":["post-3303","speaker","type-speaker","status-publish","has-post-thumbnail","hentry","speaker-category-interprete","speaker-category-professeur-coach","speaker-tags-speaker"],"cp_meta_data":{"_edit_lock":["1638053630:4"],"_edit_last":["4"],"extra-speaker-details-position":["after-current"],"speaker-header-status":["default"],"speaker-header-style":["default"],"speaker-photos-status":["default"],"speaker-photo-column":["default"],"speaker-photo-column-space":["default"],"rs_page_bg_color":[""],"wptr_hide_title":["0"],"speaker-featured-image":["https:\/\/francomusik.ca\/wp-content\/uploads\/2021\/06\/Mireille_Rijavec.jpeg"],"speaker-profile-photo":["https:\/\/francomusik.ca\/wp-content\/uploads\/2021\/06\/Mireille_Rijavec.jpeg"],"social-links":["a:1:{i:0;a:4:{s:5:\"title\";s:8:\"Facebook\";s:4:\"icon\";s:8:\"facebook\";s:3:\"url\";s:41:\"https:\/\/www.facebook.com\/mireille.rijavec\";s:6:\"target\";s:6:\"_blank\";}}"],"speaker_website":["http:\/\/www.mrijavec.com\/"],"_thumbnail_id":["3788"],"_eb_reusable_block_ids":["a:0:{}"]},"_links":{"self":[{"href":"https:\/\/francomusik.ca\/en\/wp-json\/wp\/v2\/speaker\/3303","targetHints":{"allow":["GET"]}}],"collection":[{"href":"https:\/\/francomusik.ca\/en\/wp-json\/wp\/v2\/speaker"}],"about":[{"href":"https:\/\/francomusik.ca\/en\/wp-json\/wp\/v2\/types\/speaker"}],"author":[{"embeddable":true,"href":"https:\/\/francomusik.ca\/en\/wp-json\/wp\/v2\/users\/7"}],"replies":[{"embeddable":true,"href":"https:\/\/francomusik.ca\/en\/wp-json\/wp\/v2\/comments?post=3303"}],"version-history":[{"count":4,"href":"https:\/\/francomusik.ca\/en\/wp-json\/wp\/v2\/speaker\/3303\/revisions"}],"predecessor-version":[{"id":4202,"href":"https:\/\/francomusik.ca\/en\/wp-json\/wp\/v2\/speaker\/3303\/revisions\/4202"}],"wp:featuredmedia":[{"embeddable":true,"href":"https:\/\/francomusik.ca\/en\/wp-json\/wp\/v2\/media\/3788"}],"wp:attachment":[{"href":"https:\/\/francomusik.ca\/en\/wp-json\/wp\/v2\/media?parent=3303"}],"wp:term":[{"taxonomy":"speaker-category","embeddable":true,"href":"https:\/\/francomusik.ca\/en\/wp-json\/wp\/v2\/speaker-category?post=3303"},{"taxonomy":"speaker-tags","embeddable":true,"href":"https:\/\/francomusik.ca\/en\/wp-json\/wp\/v2\/speaker-tags?post=3303"},{"taxonomy":"location","embeddable":true,"href":"https:\/\/francomusik.ca\/en\/wp-json\/wp\/v2\/location?post=3303"}],"curies":[{"name":"wp","href":"https:\/\/api.w.org\/{rel}","templated":true}]}}

<p>Mireille travaille avec des étudiants en chant de tous niveaux, des enfants aux adultes. Sa pédagogie est basée sur la tradition classique. Elle insiste sur l&rsquo;importance de savoir lire la musique, d&rsquo;avoir une technique vocale saine et, en fin de compte, sur la joie de communiquer par le chant. Les élèves de Mireille sont des chanteurs actifs dans la communauté et beaucoup d&rsquo;entre eux ont poursuivi leurs études de chant classique et de théâtre musical dans des établissements postsecondaires à travers le Canada. En plus d&rsquo;être une juge très occupée, elle est membre de l&rsquo;ARMTA (Alberta Registered Music Teachers Association), de la NATS (National Association of Teacher of Singing) et est un membre affilié de l&rsquo;Association for Body Mapping Educators.</p>



<p>Mireille Rijavec a été entendue à la CBC comme soliste mezzo-soprano et s&rsquo;est produite avec l&rsquo;Alberta Baroque Ensemble, les Richard Eaton Singers, Pro Coro Canada, l&rsquo;Edmonton Metropolitan Orchestra, le chœur et l&rsquo;orchestre de l&rsquo;Université Concordia, Opera Breve Vancouver, Western Concert Opera, Opera Lyra Ottawa et dans des productions soutenues par Edmonton Opera. Mireille présente également son cabaret Brie, Baguette and a Broad depuis plus de 10 ans. Elle s&rsquo;est produite au Fringe d&rsquo;Edmonton dans sept spectacles différents, dont l&rsquo;un dans le rôle de l&rsquo;inimitable Julia Child dans Bon Appétit ! de Lee Hoiby, une version opératique d&rsquo;une des émissions culinaires de Julia, qui lui a valu les éloges de la critique. Lors du Fringe d&rsquo;Edmonton 2013, le Edmonton Journal a déclaré à propos de sa performance dans Lost in Montmartre, un cabaret/veillée en l&rsquo;honneur du compositeur Erik Satie,  » …la chanteuse classique Mireille Rijavec est le sublime point culminant vocal qui vous aide à vous perdre dans le Paris de Satie. « </p>

<p>Mireille travaille avec des étudiants en chant de tous niveaux, des enfants aux adultes. Sa pédagogie est basée sur la tradition classique. Elle insiste sur l&rsquo;importance de savoir lire la musique, d&rsquo;avoir une technique vocale saine et, en fin de&#8230;</p>
