{"id":3299,"date":"2021-06-18T17:24:25","date_gmt":"2021-06-18T23:24:25","guid":{"rendered":"https:\/\/francomusik.ca\/?post_type=speaker&#038;p=3299"},"modified":"2022-07-19T18:20:10","modified_gmt":"2022-07-20T00:20:10","slug":"joel-lavoie","status":"publish","type":"speaker","link":"https:\/\/francomusik.ca\/en\/speaker\/joel-lavoie\/","title":{"rendered":"JOEL LAVOIE"},"content":{"rendered":"<p>Originally from Rivi\u00e8re la Paix, a region rich in sounds and colours, Jo\u00ebl has always counted the guitar among his first loves. Jo\u00ebl does not adhere to any musical school even if he admits to being influenced by the great architects of Blues, Jazz, Rock, World Music and Folk. He remains in search of the universal melody. In addition to working with an impressive variety of Alberta musicians and singers of all backgrounds, Joel is in great demand as a guitar teacher. He also teaches writing workshops for the Centre de D\u00e9veloppement Musical. Joel released his first solo album La r\u00e9colte in September 2008.<\/p>","protected":false},"excerpt":{"rendered":"<p>Originaire&nbsp;de Rivi\u00e8re la Paix,&nbsp;une&nbsp;r\u00e9gion&nbsp;riche&nbsp;en&nbsp;sons et&nbsp;en&nbsp;couleurs, Jo\u00ebl a&nbsp;toujours&nbsp;compt\u00e9&nbsp;la&nbsp;guitare&nbsp;parmi&nbsp;ses&nbsp;premiers&nbsp;amours. Jo\u00ebl&nbsp;n\u2019adh\u00e8re&nbsp;\u00e0&nbsp;aucune&nbsp;\u00e9cole musicale&nbsp;m\u00eame&nbsp;s\u2019il&nbsp;avoue&nbsp;\u00eatre&nbsp;influenc\u00e9&nbsp;par les grands&nbsp;architectes&nbsp;du Blues, du Jazz, du Rock, de la Musique du Monde et du Folk. Il&nbsp;demeure&nbsp;\u00e0 la recherche de la M\u00e9lodie&nbsp;universelle. En plus de&nbsp;travailler&nbsp;avec&nbsp;une&nbsp;vari\u00e9t\u00e9&nbsp;impressionnante&nbsp;de&nbsp;musiciens&nbsp;et de chanteurs&nbsp;albertains&nbsp;de&nbsp;toutes&nbsp;souches, Jo\u00ebl&nbsp;est&nbsp;tr\u00e8s&nbsp;demand\u00e9&nbsp;comme&nbsp;enseignant&nbsp;de&nbsp;guitare. Il&nbsp;donne&nbsp;aussi&nbsp;des ateliers&nbsp;d\u2019\u00e9criture&nbsp;pour le Centre&#8230;<\/p>","protected":false},"author":7,"featured_media":3822,"comment_status":"open","ping_status":"closed","template":"","meta":{"_eb_attr":"","footnotes":""},"speaker-category":[182,183,187],"speaker-tags":[109],"location":[],"class_list":["post-3299","speaker","type-speaker","status-publish","has-post-thumbnail","hentry","speaker-category-auteur","speaker-category-compositeur","speaker-category-professeur-coach","speaker-tags-speaker"],"cp_meta_data":{"_edit_lock":["1658276410:5"],"_edit_last":["5"],"extra-speaker-details-position":["after-current"],"speaker-header-status":["default"],"speaker-header-style":["default"],"speaker-photos-status":["default"],"speaker-photo-column":["default"],"speaker-photo-column-space":["default"],"wptr_hide_title":["0"],"speaker_website":[""],"speaker-featured-image":["https:\/\/francomusik.ca\/wp-content\/uploads\/2021\/06\/Joel_Lavoie-e1638001784540.jpeg"],"speaker-profile-photo":["https:\/\/francomusik.ca\/wp-content\/uploads\/2021\/06\/Joel_Lavoie-e1638001784540.jpeg"],"social-links":["a:4:{i:0;a:4:{s:5:\"title\";s:9:\"Instagram\";s:4:\"icon\";s:9:\"instagram\";s:3:\"url\";s:47:\"https:\/\/www.instagram.com\/joellavoie4.0\/tagged\/\";s:6:\"target\";s:6:\"_blank\";}i:1;a:4:{s:5:\"title\";s:8:\"Facebook\";s:4:\"icon\";s:8:\"facebook\";s:3:\"url\";s:34:\"https:\/\/www.facebook.com\/joelaguit\";s:6:\"target\";s:6:\"_blank\";}i:2;a:4:{s:5:\"title\";s:7:\"Youtube\";s:4:\"icon\";s:7:\"youtube\";s:3:\"url\";s:56:\"https:\/\/www.youtube.com\/channel\/UCs91V09MAarEAIbaIJKTFbw\";s:6:\"target\";s:6:\"_blank\";}i:3;a:4:{s:5:\"title\";s:7:\"Spotify\";s:4:\"icon\";s:7:\"spotify\";s:3:\"url\";s:54:\"https:\/\/open.spotify.com\/artist\/49RUmO6mDvk5QcEg2Wbmob\";s:6:\"target\";s:6:\"_blank\";}}"],"_thumbnail_id":["3822"],"speaker-sidebar-boxes":["a:1:{i:0;a:2:{s:5:\"title\";s:0:\"\";s:4:\"text\";s:193:\"<iframe style=\"border-radius:12px\" src=\"https:\/\/open.spotify.com\/embed\/artist\/49RUmO6mDvk5QcEg2Wbmob?utm_source=generator\" width=\"100%\" height=\"380\" frameBorder=\"0\" allowfullscreen=\"\"><\/iframe>\";}}"],"_eb_reusable_block_ids":["a:0:{}"]},"_links":{"self":[{"href":"https:\/\/francomusik.ca\/en\/wp-json\/wp\/v2\/speaker\/3299","targetHints":{"allow":["GET"]}}],"collection":[{"href":"https:\/\/francomusik.ca\/en\/wp-json\/wp\/v2\/speaker"}],"about":[{"href":"https:\/\/francomusik.ca\/en\/wp-json\/wp\/v2\/types\/speaker"}],"author":[{"embeddable":true,"href":"https:\/\/francomusik.ca\/en\/wp-json\/wp\/v2\/users\/7"}],"replies":[{"embeddable":true,"href":"https:\/\/francomusik.ca\/en\/wp-json\/wp\/v2\/comments?post=3299"}],"version-history":[{"count":4,"href":"https:\/\/francomusik.ca\/en\/wp-json\/wp\/v2\/speaker\/3299\/revisions"}],"predecessor-version":[{"id":3823,"href":"https:\/\/francomusik.ca\/en\/wp-json\/wp\/v2\/speaker\/3299\/revisions\/3823"}],"wp:featuredmedia":[{"embeddable":true,"href":"https:\/\/francomusik.ca\/en\/wp-json\/wp\/v2\/media\/3822"}],"wp:attachment":[{"href":"https:\/\/francomusik.ca\/en\/wp-json\/wp\/v2\/media?parent=3299"}],"wp:term":[{"taxonomy":"speaker-category","embeddable":true,"href":"https:\/\/francomusik.ca\/en\/wp-json\/wp\/v2\/speaker-category?post=3299"},{"taxonomy":"speaker-tags","embeddable":true,"href":"https:\/\/francomusik.ca\/en\/wp-json\/wp\/v2\/speaker-tags?post=3299"},{"taxonomy":"location","embeddable":true,"href":"https:\/\/francomusik.ca\/en\/wp-json\/wp\/v2\/location?post=3299"}],"curies":[{"name":"wp","href":"https:\/\/api.w.org\/{rel}","templated":true}]}}

<p>Originally from Rivière la Paix, a region rich in sounds and colours, Joël has always counted the guitar among his first loves. Joël does not adhere to any musical school even if he admits to being influenced by the great architects of Blues, Jazz, Rock, World Music and Folk. He remains in search of the universal melody. In addition to working with an impressive variety of Alberta musicians and singers of all backgrounds, Joel is in great demand as a guitar teacher. He also teaches writing workshops for the Centre de Développement Musical. Joel released his first solo album La récolte in September 2008.</p>

<p>Originaire&nbsp;de Rivière la Paix,&nbsp;une&nbsp;région&nbsp;riche&nbsp;en&nbsp;sons et&nbsp;en&nbsp;couleurs, Joël a&nbsp;toujours&nbsp;compté&nbsp;la&nbsp;guitare&nbsp;parmi&nbsp;ses&nbsp;premiers&nbsp;amours. Joël&nbsp;n’adhère&nbsp;à&nbsp;aucune&nbsp;école musicale&nbsp;même&nbsp;s’il&nbsp;avoue&nbsp;être&nbsp;influencé&nbsp;par les grands&nbsp;architectes&nbsp;du Blues, du Jazz, du Rock, de la Musique du Monde et du Folk. Il&nbsp;demeure&nbsp;à la recherche de la Mélodie&nbsp;universelle. En plus de&nbsp;travailler&nbsp;avec&nbsp;une&nbsp;variété&nbsp;impressionnante&nbsp;de&nbsp;musiciens&nbsp;et de chanteurs&nbsp;albertains&nbsp;de&nbsp;toutes&nbsp;souches, Joël&nbsp;est&nbsp;très&nbsp;demandé&nbsp;comme&nbsp;enseignant&nbsp;de&nbsp;guitare. Il&nbsp;donne&nbsp;aussi&nbsp;des ateliers&nbsp;d’écriture&nbsp;pour le Centre&#8230;</p>
