{"id":19,"date":"2018-11-14T09:12:36","date_gmt":"2018-11-14T16:12:36","guid":{"rendered":"https:\/\/demo.gloriathemes.com\/eventchamp\/demo\/?post_type=speaker&#038;p=19"},"modified":"2022-07-19T18:18:31","modified_gmt":"2022-07-20T00:18:31","slug":"post-script","status":"publish","type":"speaker","link":"https:\/\/francomusik.ca\/en\/speaker\/post-script\/","title":{"rendered":"POST-SCRIPT"},"content":{"rendered":"<p><span data-contrast=\"none\">The PostScript duo fuses old-time sensibilities and modern-day subtleties into a tapestry that reflects their individual and combined strengths. The palpable emotion of Steph's angelic voice in perfect harmony with Paul's shimmering baritone creates a true enchantment that allows their Franco-Albertan roots to paint modern soundscapes.<\/span><span data-ccp-props=\"{&quot;201341983&quot;:0,&quot;335559739&quot;:160,&quot;335559740&quot;:259}\">&nbsp;<\/span><\/p>\n<p><span data-contrast=\"none\">Their musical synchronicity, at once charming, appealing and authentic, is almost palpable. Whether live or in the studio, Blais and Cournoyer create an intense atmosphere, revealing their unbridled magnetism. Post-Script has created a special place for itself in the Canadian musical landscape, at the crossroads of the ethereal alchemy of Broken Social Scene and the eerie nostalgia of Emmylou Harris.<\/span><span data-ccp-props=\"{&quot;201341983&quot;:0,&quot;335559739&quot;:160,&quot;335559740&quot;:259}\">&nbsp;<\/span><\/p>\n<p><span data-contrast=\"none\">The strength of PostScript is its subtlety, a tangle between the familiar and a bilingual charm. The nostalgia that the duo evokes is an asset that has made Steph and Paul adept at festivals, music showcases and international stages. Their history of touring and releasing music has grown in their home province of Alberta and far beyond, making them the face of Spotify, the rebel voice of folk music.<\/span><span data-ccp-props=\"{&quot;201341983&quot;:0,&quot;335559739&quot;:160,&quot;335559740&quot;:259}\">&nbsp;<\/span><\/p>\n<p><span data-contrast=\"none\">Franco-Albertans Blais and Cournoyer, both Edmonton natives, represent a rich tapestry of musical and cultural influences that allows them to explore their tangled history. In 2015, \"If Not For You\" served to define and solidify their collective voice: \"...made it the embodiment of the traditional Canadian oscillation between urban life and rural retreat; it also captures the nation's spirit of linguistic division.\" (Grayowl Point, 2015-translation)<\/span><span data-ccp-props=\"{&quot;201341983&quot;:0,&quot;335559739&quot;:160,&quot;335559740&quot;:259}\">&nbsp;<\/span><\/p>\n<p><span data-contrast=\"none\">\"I Can't Block the Light Out, 2019, their recent EP explores the rich American cultural sound heritage while approaching the songs with a sure and direct hand. The EP's production and mixing bears the signature of Edmontonian Jeff Kynoch (Altameda, Cayley Thomas) and the recording has been highly praised: ... a captivating manifestation of the duo's love for their craft.\" (Daze Magazine, 2019-translation)<\/span><span data-ccp-props=\"{&quot;201341983&quot;:0,&quot;335559739&quot;:160,&quot;335559740&quot;:259}\">&nbsp;<\/span><\/p>\n<p><span data-contrast=\"none\">Ready to capitalize on their \"mainstream\" success, the duo has no desire to slow down; instead, they're going to devote their energies to the completion of a 6-song French EP recorded in Moncton, NB with Benoit Morier at the renowned personal studio of no less renowned indie-folk sensation Lisa LeBlanc, also produced by Morier. The completion of the EP will be followed by a cross-Canada tour.<\/span><span data-ccp-props=\"{&quot;201341983&quot;:0,&quot;335559739&quot;:160,&quot;335559740&quot;:259}\">&nbsp;<\/span><\/p>","protected":false},"excerpt":{"rendered":"<p>Le duo Post Script fusionne une sensibilit\u00e9 de jadis et des subtilit\u00e9s d\u2019aujourd\u2019hui en une v\u00e9ritable tapisserie refl\u00e9tant leurs forces individuelles et r\u00e9unies. L\u2019\u00e9motion palpable de la voix ang\u00e9lique de Steph en harmonie parfaite avec le chatoyant bariton de Paul&#8230;<\/p>","protected":false},"author":7,"featured_media":2675,"comment_status":"open","ping_status":"closed","template":"","meta":{"_eb_attr":"","footnotes":""},"speaker-category":[194],"speaker-tags":[48,60,109,113],"location":[],"class_list":["post-19","speaker","type-speaker","status-publish","has-post-thumbnail","hentry","speaker-category-groupe-orchestre","speaker-tags-conference","speaker-tags-event","speaker-tags-speaker","speaker-tags-storyteller"],"cp_meta_data":{"social-links":["a:4:{i:0;a:4:{s:5:\"title\";s:8:\"Facebook\";s:4:\"icon\";s:8:\"facebook\";s:3:\"url\";s:41:\"https:\/\/www.facebook.com\/postscriptsound\/\";s:6:\"target\";s:6:\"_blank\";}i:2;a:4:{s:5:\"title\";s:9:\"Instagram\";s:4:\"icon\";s:9:\"instagram\";s:3:\"url\";s:42:\"https:\/\/www.instagram.com\/postscriptmusic\/\";s:6:\"target\";s:6:\"_blank\";}i:3;a:4:{s:5:\"title\";s:7:\"YouTube\";s:4:\"icon\";s:7:\"youtube\";s:3:\"url\";s:56:\"https:\/\/www.youtube.com\/channel\/UCHquvGtVIArfRVXaWb-EjDA\";s:6:\"target\";s:6:\"_blank\";}i:4;a:4:{s:5:\"title\";s:7:\"Spotify\";s:4:\"icon\";s:7:\"spotify\";s:3:\"url\";s:54:\"https:\/\/open.spotify.com\/artist\/2va0ED9WG7oEPT7ybPZP5i\";s:6:\"target\";s:6:\"_blank\";}}"],"speaker_profession":[""],"speaker_company":[""],"extra-speaker-details-position":["after-current"],"speaker_address":[""],"speaker_phone":[""],"speaker_email":[""],"speaker_website":["http:\/\/www.postscriptmusic.com\/"],"speaker-header-status":["default"],"speaker-header-style":["default"],"speaker-photos-status":["default"],"speaker-photo-column":["default"],"speaker-photo-column-space":["default"],"speaker_image_gallery":[""],"_thumbnail_id":["2675"],"speaker-profile-photo":[""],"_dp_original":["7"],"speaker-short-biography":[""],"_wxr_import_user_slug":["Francomusik"],"_edit_last":["5"],"_edit_lock":["1658276311:5"],"wptr_hide_title":["0"],"speaker-featured-image":["https:\/\/francomusik.ca\/wp-content\/uploads\/2018\/11\/PostScriptEPReleaseMarch292019-0184-e1638065751843.jpeg"],"_wp_old_slug":["diana-hoch"],"speaker-sidebar-boxes":["a:1:{i:0;a:2:{s:5:\"title\";s:0:\"\";s:4:\"text\";s:193:\"<iframe style=\"border-radius:12px\" src=\"https:\/\/open.spotify.com\/embed\/artist\/2va0ED9WG7oEPT7ybPZP5i?utm_source=generator\" width=\"100%\" height=\"380\" frameBorder=\"0\" allowfullscreen=\"\"><\/iframe>\";}}"],"_eb_reusable_block_ids":["a:0:{}"]},"_links":{"self":[{"href":"https:\/\/francomusik.ca\/en\/wp-json\/wp\/v2\/speaker\/19","targetHints":{"allow":["GET"]}}],"collection":[{"href":"https:\/\/francomusik.ca\/en\/wp-json\/wp\/v2\/speaker"}],"about":[{"href":"https:\/\/francomusik.ca\/en\/wp-json\/wp\/v2\/types\/speaker"}],"author":[{"embeddable":true,"href":"https:\/\/francomusik.ca\/en\/wp-json\/wp\/v2\/users\/7"}],"replies":[{"embeddable":true,"href":"https:\/\/francomusik.ca\/en\/wp-json\/wp\/v2\/comments?post=19"}],"version-history":[{"count":4,"href":"https:\/\/francomusik.ca\/en\/wp-json\/wp\/v2\/speaker\/19\/revisions"}],"predecessor-version":[{"id":3825,"href":"https:\/\/francomusik.ca\/en\/wp-json\/wp\/v2\/speaker\/19\/revisions\/3825"}],"wp:featuredmedia":[{"embeddable":true,"href":"https:\/\/francomusik.ca\/en\/wp-json\/wp\/v2\/media\/2675"}],"wp:attachment":[{"href":"https:\/\/francomusik.ca\/en\/wp-json\/wp\/v2\/media?parent=19"}],"wp:term":[{"taxonomy":"speaker-category","embeddable":true,"href":"https:\/\/francomusik.ca\/en\/wp-json\/wp\/v2\/speaker-category?post=19"},{"taxonomy":"speaker-tags","embeddable":true,"href":"https:\/\/francomusik.ca\/en\/wp-json\/wp\/v2\/speaker-tags?post=19"},{"taxonomy":"location","embeddable":true,"href":"https:\/\/francomusik.ca\/en\/wp-json\/wp\/v2\/location?post=19"}],"curies":[{"name":"wp","href":"https:\/\/api.w.org\/{rel}","templated":true}]}}

<p>Le duo Post Script fusionne une sensibilité de jadis et des subtilités d’aujourd’hui en une véritable tapisserie reflétant leurs forces individuelles et réunies. L’émotion palpable de la voix angélique de Steph en harmonie parfaite avec le chatoyant bariton de Paul&#8230;</p>
